*o + 653 = -9*o. Suppose b - y = -b. What is the hundreds digit of b?
1
Suppose -3*d + 5*a = -1007, -78*d + 74*d + 2*a = -1324. What is the units digit of d?
9
Let a(t) = -16*t - 11. Let p(j) = -9*j - 6. Let v(m) = 4*a(m) - 7*p(m). Let x be 4/(-18) - 43/9. What is the units digit of v(x)?
3
Suppose 3*t = -0*t. Suppose t = -3*g - 2*g + 10. Suppose -2*j - g*j = -128. What is the units digit of j?
2
Suppose 7*s - 56 = 7. Suppose 4*w + 390 = s*w. What is the tens digit of w?
7
Let r be (-2)/7 - ((-884)/7 + 3). Suppose -r = 23*m - 26*m. What is the units digit of m?
1
Let s(q) = 17*q**2 + 18. What is the units digit of s(-5)?
3
Suppose -221080 + 54034 = -66*k. What is the units digit of k?
1
Let y = -3 + -17. Let q = 87 + -61. Let s = q + y. What is the units digit of s?
6
Let s = 407 - 352. What is the units digit of s?
5
Let a = 55 - 70. What is the tens digit of -50*(42/(-20) + (-9)/a)?
7
Let l = -9 - 7. Let n = -12 - l. Let y(m) = 3*m**2 - 6*m + 4. What is the tens digit of y(n)?
2
Let c = -493 - -793. What is the tens digit of c?
0
Let k(i) = 31*i + 560. What is the tens digit of k(45)?
5
Let x = 35 + -32. Suppose x*t - 65 = 16. What is the tens digit of t?
2
Suppose 0 = 5*v - 3*v - 6. Suppose -5 = r + v*t, 2*r - r = 3*t + 19. What is the units digit of r?
7
Let u be ((-6)/(-7))/(12/56). Let o(w) = 4*w**2 - 6*w + 9. What is the tens digit of o(u)?
4
Let i = 10 + -7. Let w be (i/2)/((-15)/(-50)). Suppose 2*o + 127 = w*o - 2*z, -3*z = o - 35. What is the tens digit of o?
4
Let c(m) = m**2 + 18*m - 3. Let t be c(-22). Suppose 2*z + 4*b - 15 = 47, -4*z = -5*b - t. What is the tens digit of z?
2
Let n = 471 - -65. What is the tens digit of n?
3
Suppose -4*w - 13 = -21. Suppose -w*m + 224 = 4*n, n - 15 = -2*n. Let p = m - 43. What is the units digit of p?
9
Let j = 79 - 92. Let m = j - -120. What is the units digit of m?
7
Let m(x) = x + 63. Let i be 3 + -1 + (-2)/1. What is the units digit of m(i)?
3
Suppose 32*j - 39786 = 26*j. What is the units digit of j?
1
Let f(m) = -m**3 + 14*m**2 - 17*m - 13. What is the tens digit of f(10)?
1
Suppose -14 = -2*g - 8. Let j = 40 - g. What is the tens digit of j?
3
Suppose 2*s - 7*s - 400 = 0. What is the units digit of ((-192)/s)/((-3)/(-80))?
4
Let i be (-4)/((-2)/2*2). Let f(b) = 12*b**3 + 9*b - 3. Let h(q) = -6*q**3 - 5*q + 2. Let w(x) = 3*f(x) + 5*h(x). What is the units digit of w(i)?
3
Suppose -9*j + 8*j + 94 = 0. Let b = 35 + j. What is the tens digit of b?
2
Suppose 13*f + 1682 - 408 = 0. Let w = f + 253. What is the units digit of w?
5
Suppose -15*m - 952 = -19*m. What is the tens digit of m?
3
What is the hundreds digit of (-9)/(-15) + 24470/50?
4
Let z(s) = -s**3 + 18*s**2 + 15*s + 1. What is the hundreds digit of z(16)?
7
Suppose 6*w = -12828 + 32790. What is the thousands digit of w?
3
Suppose 5*j = -4*z + 4747, z + 932 = j - 4*z. What is the tens digit of j?
4
Suppose -7 = -2*t + 31. Let a = t + -13. Let m(n) = -n**3 + 6*n**2 + 5*n - 1. What is the tens digit of m(a)?
2
Suppose 4*h + 1566 = 13*h. What is the hundreds digit of h?
1
Suppose -7*m + 2852 = -4652. What is the hundreds digit of ((-4)/1)/20 - m/(-10)?
1
Suppose 2*y = 170 + 76. Suppose -3*g = -5*j + 209, 2*g - y = -3*j + 5*g. What is the units digit of j?
3
Suppose 2*m = 3039 + 2799. What is the thousands digit of m?
2
Suppose 79*g - 119340 = 28*g. What is the units digit of g?
0
Suppose 73*s = 30*s + 56158. What is the hundreds digit of s?
3
Let m(p) = -12*p + 1. Let i be m(-1). Suppose -84 = -i*u + 72. What is the units digit of u?
2
Let o(y) = -y**3 + 67*y**2 - 150*y - 64. What is the hundreds digit of o(64)?
6
Let l = -1305 + 854. Let c = 634 + l. What is the tens digit of c?
8
Let g(b) = 6*b**2 + 26*b + 418. What is the tens digit of g(-14)?
3
Let k be (1/((-8)/60))/3*2. What is the units digit of 46*2/(-2)*(3 + k)?
2
Suppose -3*s = 4*w + 1 - 23, -w = -s - 9. What is the units digit of w?
7
Suppose -2*d + 148 = 4*j, 19*j - 14*j = 3*d - 167. What is the tens digit of d?
6
Let j(h) = 5*h - 3. Let b be j(1). Suppose 47 = b*w - 43. What is the tens digit of w?
4
Let i(d) = 13*d**2 + 17*d + 1. Let b be i(13). Suppose b = 10*f + 669. What is the units digit of f?
5
Suppose -16 = -2*u + 4*q, -10 - 8 = -3*u + 4*q. Let r be (11 + 0)*3/(-3). What is the tens digit of r*(u + -4 + 0)?
2
Suppose 3822 = 81*r - 78*r. What is the tens digit of r?
7
Let b = -33 + 102. What is the tens digit of b?
6
Let x(w) = 9*w**3 - 4*w**2 + 28*w + 2. What is the hundreds digit of x(4)?
6
Suppose 0 = -2*n + 3*w + 189, 3*n - 182 - 139 = -3*w. Suppose n = 4*x - 74. What is the units digit of x?
4
Let g be (6*-1)/(4*(-18)/48). Let l(h) = 15*h - 7. What is the tens digit of l(g)?
5
Let r(m) = -20*m - 79. Let a(c) = -7*c + 9 - 20 - 15. Let i(b) = 17*a(b) - 6*r(b). What is the units digit of i(0)?
2
Let j = -71 + 74. Let c = j + 78. What is the units digit of c?
1
Suppose 2*h - 19 = j + 15, -4*h = 4*j + 88. Let o(b) = 9*b - 33. Let p be o(8). What is the units digit of 630/p + 4/j?
6
Let r be 9 + 1/2*0. Suppose -k - r = -3*u, -u - u + k + 7 = 0. Suppose -u*p + 0 = -10. What is the units digit of p?
5
Let i(n) = -122*n + 61. Let s be i(-12). Suppose -3*v + h - 6*h + 921 = 0, 5*v + 5*h = s. What is the hundreds digit of v?
3
Let b = -237 - -808. What is the hundreds digit of b?
5
Let r = 28 + -4. Let s = -47 + r. Let m = -1 - s. What is the units digit of m?
2
Let u = 35 - 20. Let x be ((-25)/u)/(3/36). Let y = 34 + x. What is the tens digit of y?
1
Let u = 44 + -24. Suppose -4*r + 0*r = -u. Let j = r + 9. What is the tens digit of j?
1
Suppose 468 = 5*u + z, 5*u + 233 - 689 = 3*z. Let q = u + -25. What is the tens digit of q?
6
Suppose -17*o = -25*o + 6720. What is the hundreds digit of o?
8
Suppose a - 3*h = -2, 0 = -3*a - 4*h + h + 18. Let f(q) = 14*q**2 - 3*q + 2. Let s be f(1). Let p = s + a. What is the tens digit of p?
1
Suppose -6*m + 3*m = -12. What is the tens digit of m - ((-1 - 3) + -20)?
2
What is the hundreds digit of (-174)/4*(-24240)/360?
9
Let k(j) = -82*j + 205. What is the tens digit of k(-17)?
9
Let q(u) be the first derivative of 5*u**3/3 - 2*u**2 + u - 14. Let d be (21/(-28))/((-1)/4). What is the tens digit of q(d)?
3
Suppose 5*q - 10 = 5*y, 0*y + 3 = y. Suppose -i = -4*f + 38 + 332, -5*f - q*i = -450. What is the units digit of f/22 + (-8)/44?
4
Let n(d) = -12*d**2 - 3*d - 4. Let f(c) = c**3 - 8*c**2 - 3. Let p be f(8). Let q be n(p). Let v = q + 168. What is the tens digit of v?
6
Let x be (-1620)/(-10) + (-8)/2. Let i = -84 + x. What is the units digit of i?
4
Let h be (36/15)/(6/(-30)). Let v be h*(-15)/(-12)*2. What is the units digit of (v/(-20))/(1/14)?
1
Suppose -759 + 2313 = 6*y. What is the tens digit of y?
5
Let u = 12 - -161. What is the units digit of u?
3
Let u = 19 + -23. What is the hundreds digit of (1 + u)*(-363)/9?
1
Suppose 4*f - 12 = -s, -1 - 5 = -2*f + 2*s. Suppose -35 = -6*l - l. Suppose l*d = f*j - 9, -j = -3*d - 0 + 1. What is the units digit of j?
8
Suppose -2*c + 148 = 5*f + 2*c, 5*f + 2*c - 154 = 0. Suppose 0 = -14*d + 10*d + f. What is the units digit of d?
8
Let u = 9140 - 3900. What is the tens digit of u?
4
Suppose -d + 18 = 4*a, 18 = 4*d - a + 14. Let q(p) = 32*p + 2. Let w be q(3). Suppose d*v + 0*v - w = 0. What is the units digit of v?
9
Let c(q) = -q + 14. Let s be c(-13). Suppose s = -3*p + 123. What is the units digit of p?
2
Suppose -4*k - k = 3*c - 4246, -3*c - 9 = 0. What is the hundreds digit of k?
8
Let f(a) = -73*a - 476. What is the hundreds digit of f(-15)?
6
What is the tens digit of (-37687)/(-91) + (-1)/14*2?
1
Suppose -14*v - 15 = -9*v, 4*d = -v + 6017. What is the tens digit of d?
0
What is the hundreds digit of ((-4628)/(-2))/(1*(-24)/(-12))?
1
Let s(c) = -c**2 + 13*c + 4. Let d be s(14). Let o = d + 12. Suppose 0 = -k - b + 41, 0*k + o*k = 4*b + 82. What is the units digit of k?
1
Let z be 53 + (-3 - 6/(-2)). Let a = z + 44. What is the units digit of a?
7
Let k(d) = 365*d**2 + 2*d + 2. What is the thousands digit of k(3)?
3
Suppose 0 = 3*v - 3*p - 546, -v - 3*p + 918 = 4*v. What is the hundreds digit of v?
1
Suppose 5*o = 3*b - 2718, -4*b - 13*o + 3624 = -12*o. What is the hundreds digit of b?
9
Suppose 7*y = 4910 + 3889. What is the thousands digit of y?
1
Let y = -123 + 174. Let i be 64/